{"id":703,"date":"2013-07-31T10:17:39","date_gmt":"2013-07-31T09:17:39","guid":{"rendered":"http:\/\/www.tildamarleen.com\/de\/?page_id=703"},"modified":"2014-11-09T11:48:02","modified_gmt":"2014-11-09T10:48:02","slug":"kuenstler","status":"publish","type":"page","link":"https:\/\/www.tildamarleen.com\/de\/verlag\/kuenstler\/","title":{"rendered":"k\u00fcnstler"},"content":{"rendered":"\n<table id=\"tablepress-2\" class=\"tablepress tablepress-id-2\">\n<tbody class=\"row-striping row-hover\">\n<tr class=\"row-1\">\n\t<td class=\"column-1\"><img loading=\"lazy\" decoding=\"async\" src=\"http:\/\/www.tildamarleen.com\/de\/files\/2013\/07\/bruno_bachem.png\" alt=\"Bruno Bachem\" width=\"155\" height=\"174\" class=\"size-full wp-image-709\" \/><\/td><td class=\"column-2\">Bruno Bachem lebt in Hamburg und arbeitet meistens dort als Sprecher und als Schauspieler in verschiedenen Theatern. Er leitet auch die von ihm gegr\u00fcndete Gruppe \"unser Theater\". Manchmal tritt er mit der Band THE WEE SMA*S auf, dann singt er und spielt das eine oder andere Instrument.<br \/>\nZebras kennt er vor allem aus dem Zoo in Wuppertal.<\/td>\n<\/tr>\n<tr class=\"row-2\">\n\t<td class=\"column-1\"><img loading=\"lazy\" decoding=\"async\" src=\"http:\/\/www.tildamarleen.com\/de\/files\/2011\/12\/karina.png\" alt=\"Anna Karina Birkenstock\" width=\"155\" height=\"174\" class=\"alignnone size-full wp-image-101\" \/><\/td><td class=\"column-2\">Anna Karina Birkenstock arbeitet schon seit 2003 erfolgreich als Kinderbuchautorin &amp; Illustratorin f\u00fcr namhafte deutsche Verlage. Insbesondere ihr Medienkunst Studium an der HfG Karlsruhe, sowie die vorausgegangene Ausbildung zur Mediengestalterin Bild&amp;Ton in K\u00f6ln erm\u00f6glichen es ihr auch au\u00dferhalb der traditionellen Pfade des Mediums \"Buch\" zu arbeiten und die Grenze zum digitalen Medium zu \u00fcberbr\u00fccken.<br \/>\nSie liebt es besonders, zusammen mit ihren beiden T\u00f6chtern (2 und 4 Jahre alt) B\u00fccher zu lesen und die neuen Medien zu entdecken.<\/td>\n<\/tr>\n<tr class=\"row-3\">\n\t<td class=\"column-1\"><img loading=\"lazy\" decoding=\"async\" src=\"http:\/\/www.tildamarleen.com\/de\/files\/2013\/07\/boris_braun.png\" alt=\"Boris Braun\" width=\"155\" height=\"174\" class=\"size-full wp-image-710\" \/><\/td><td class=\"column-2\">Boris Braun wurde 1967 in Freiburg im Breisgau geboren.<br \/>\nNach einem Lehramtsstudium in Freiburg folgte ein Illustrationsstudium an der FH f\u00fcr Gestaltung in Hamburg, wo er heute auch als freiberuflicher Illustrator lebt.<\/td>\n<\/tr>\n<tr class=\"row-4\">\n\t<td class=\"column-1\"><img loading=\"lazy\" decoding=\"async\" src=\"http:\/\/www.tildamarleen.com\/de\/files\/2013\/07\/antje_flad.png\" alt=\"Antje Flad\" width=\"155\" height=\"174\" class=\"size-full wp-image-711\" \/><\/td><td class=\"column-2\">Antje Flad wurde in Merseburg geboren und studierte an der Hochschule f\u00fcr Kunst und Design Burg Giebichenstein in Halle das Fach Spielzeugdesign. Frisch diplomiert zog sie erst einmal nach Frankfurt am Main. Dort engagierte sie die Firma Nici aus Oberfranken, f\u00fcr die sie Charakterfiguren aus Pl\u00fcsch entwarf.<br \/>\nDann lernte sie ihren Mann kennen und zog nach Berlin. Hier lebt sie nun mit Mann, Sohn Philipp und Hund Coco. Antje Flad arbeit freiberuflich f\u00fcr verschiedene Verlage, Spielzeugfirmen und Unternehmen. Dabei illustriert sowohl in verschiedenen analogen Maltechniken, als auch digital in Photoshop und Illustrator. Im Moment interessiert sie besonders die Kombination von analogen und digitalen Zeichnen und die daraus resultierenden stilistischen M\u00f6glichkeiten.<\/td>\n<\/tr>\n<tr class=\"row-5\">\n\t<td class=\"column-1\"><img loading=\"lazy\" decoding=\"async\" src=\"http:\/\/www.tildamarleen.com\/de\/files\/2011\/12\/bodo.png\" alt=\"Bodo Henkel\" width=\"155\" height=\"174\" class=\"alignnone size-full wp-image-235\" \/><\/td><td class=\"column-2\">Bodo Henkel ist seit \u00fcber 20 Jahren Moderator f\u00fcr H\u00f6rfunk und Fernsehen und Sprecher f\u00fcr Werbung, H\u00f6rspiel und H\u00f6rbuch. Und wenn der Showmaster nicht gerade mit seinen organisierten Kreuzfahrten unterwegs ist, bringt er als Musikliebhaber auch gern mal Partys in Schwung.<br \/>\nAls Sprecher von \u201eFreda, die kleine Wunschfee\u201c versetzt er uns mit seiner tiefen, warmen Stimme in die richtige M\u00e4rchenstimmung.<\/td>\n<\/tr>\n<tr class=\"row-6\">\n\t<td class=\"column-1\"><img loading=\"lazy\" decoding=\"async\" src=\"http:\/\/www.tildamarleen.com\/de\/files\/2013\/07\/sven_kuntze.png\" alt=\"Sven Kuntze\" width=\"155\" height=\"174\" class=\"size-full wp-image-712\" \/><\/td><td class=\"column-2\">Sven Kuntze entschloss sich, nach seinem Studium der Sozialwissenschaften und einigen Jahren als wissenschaftlicher Assistent an der Universit\u00e4t T\u00fcbingen, als Vierziegj\u00e4hriger zu einer neuen Karriere und wechselte zum WDR nach K\u00f6ln. Es folgten Stationen als ARD-Haupstadtkorrespondent in Bonn, Studioleiter in New York, Korrespondent in Washington, die Moderation des ARD-Morgenmagazins und schlie\u00dflich zum Ende seiner beruflichen Laufbahn einige Jahre im ARD-Hauptstadtstudio in Berlin.<br \/>\nNach seiner Pensionierung drehte er eine Reihe erfolgreicher Filme: \"Altern auf Probe,\" \"Gutsein auf Probe\" und \"Sven K auf der Suche nach dem lieben Gott\". Daf\u00fcr erhielt er u.a. den Deutschen Fernsehpreis, den Preis der Deutschen Bischhofskonferenz und den Preis der Tageschau f\u00fcr sein Lebenswerk.<br \/>\n<br \/>\nVor zwei Jahren erschien sein Bestseller: \"Altern wie ein Gentleman\". Sven Kuntze lebt und arbeitet in Berlin.<\/td>\n<\/tr>\n<tr class=\"row-7\">\n\t<td class=\"column-1\"><img loading=\"lazy\" decoding=\"async\" src=\"http:\/\/www.tildamarleen.com\/de\/files\/2013\/07\/till_lassmann.png\" alt=\"Till La\u00dfmann\" width=\"155\" height=\"174\" class=\"size-full wp-image-713\" \/><\/td><td class=\"column-2\">Till La\u00dfmann, geb. 1975, studierte zun\u00e4chst an der Fachhochschule Niederrhein Kommunikationsdesign bevor er zum Duncan of Jordanstone College of Art wechselte und dort im Kurs \"Animation and Electronic Media\" im Jahr 2003 sein Studium erfolgreich beendete.<br \/>\nSeit 2003 arbeitet er als Illustrator, Animator, Comiczeichner und Eventzeichner. Er lebt und arbeitet mit seiner bezaubernden Frau und ebensolchen Tochter in Hamburg.<\/td>\n<\/tr>\n<tr class=\"row-8\">\n\t<td class=\"column-1\"><img loading=\"lazy\" decoding=\"async\" src=\"http:\/\/www.tildamarleen.com\/de\/files\/2013\/07\/ursel.png\" alt=\"Ursel Scheffler\" width=\"155\" height=\"174\" class=\"size-full wp-image-706\" \/> <\/td><td class=\"column-2\">Ursel Scheffler lebt und schreibt seit 1977 in Hamburg. Sie studierte Sprachen und Literatur in Erlangen (\u00dcbersetzerpr\u00fcfung) und M\u00fcnchen (Lehramtsexamen). Ihre Magisterarbeit schrieb sie 1967 \u00fcber das franz\u00f6sische M\u00e4rchen im 17. Jahrhundert. Sie ist verheiratet und hat drei Kinder und drei Enkelkinder.<br \/>\nBis heute sind \u00fcber 300 Kinderb\u00fccher von ihr in bekannten deutschen und ausl\u00e4ndischen Verlagen erschienen. Es gibt Lizenzausgaben in \u00fcber 30 Sprachen.<br \/>\n<br \/>\nZu ihren beliebten Charakteren z\u00e4hlen Kommissar Kugelblitz (www.kommissar-kugelblitz.de), Paula (Oetinger Verlag), \u00c4tze (Ravensburger), Upps (arsEdition), der Hasenfranz (Ravensburger), eine Kinderbibel (Herder Verlag), Fabeln, M\u00e4rchenb\u00fccher und zahlreiche Geschichtenb\u00fccher zum Vorlesen.<br \/>\n<br \/>\nUrsel Scheffler ist Lesebotschafterin der \"Stiftung Lesen\" und findet, dass auch im Zeitalter der eBooks unbedingt \"echte\" B\u00fccher in jedes Kinderzimmer und Klassenzimmer geh\u00f6ren. Daher hat sie die erfolgreiche Leseaktion \"www.b\u00fcchert\u00fcrme.de\" ins Leben gerufen, die Kinder im Grundschulalter zum sportlichen Lesewettbewerb herausfordert.<\/td>\n<\/tr>\n<\/tbody>\n<\/table>\n<!-- #tablepress-2 from cache -->\n","protected":false},"excerpt":{"rendered":"","protected":false},"author":1,"featured_media":0,"parent":35,"menu_order":0,"comment_status":"closed","ping_status":"closed","template":"","meta":{"footnotes":""},"class_list":["post-703","page","type-page","status-publish","hentry"],"_links":{"self":[{"href":"https:\/\/www.tildamarleen.com\/de\/wp-json\/wp\/v2\/pages\/703","targetHints":{"allow":["GET"]}}],"collection":[{"href":"https:\/\/www.tildamarleen.com\/de\/wp-json\/wp\/v2\/pages"}],"about":[{"href":"https:\/\/www.tildamarleen.com\/de\/wp-json\/wp\/v2\/types\/page"}],"author":[{"embeddable":true,"href":"https:\/\/www.tildamarleen.com\/de\/wp-json\/wp\/v2\/users\/1"}],"replies":[{"embeddable":true,"href":"https:\/\/www.tildamarleen.com\/de\/wp-json\/wp\/v2\/comments?post=703"}],"version-history":[{"count":6,"href":"https:\/\/www.tildamarleen.com\/de\/wp-json\/wp\/v2\/pages\/703\/revisions"}],"predecessor-version":[{"id":905,"href":"https:\/\/www.tildamarleen.com\/de\/wp-json\/wp\/v2\/pages\/703\/revisions\/905"}],"up":[{"embeddable":true,"href":"https:\/\/www.tildamarleen.com\/de\/wp-json\/wp\/v2\/pages\/35"}],"wp:attachment":[{"href":"https:\/\/www.tildamarleen.com\/de\/wp-json\/wp\/v2\/media?parent=703"}],"curies":[{"name":"wp","href":"https:\/\/api.w.org\/{rel}","templated":true}]}}

künstler

<table id="tablepress-2" class="tablepress tablepress-id-2">
<tbody class="row-striping row-hover">
<tr class="row-1">
	<td class="column-1"><img loading="lazy" decoding="async" src="http://www.tildamarleen.com/de/files/2013/07/bruno_bachem.png" alt="Bruno Bachem" width="155" height="174" class="size-full wp-image-709" /></td><td class="column-2">Bruno Bachem lebt in Hamburg und arbeitet meistens dort als Sprecher und als Schauspieler in verschiedenen Theatern. Er leitet auch die von ihm gegründete Gruppe "unser Theater". Manchmal tritt er mit der Band THE WEE SMA*S auf, dann singt er und spielt das eine oder andere Instrument.<br />
Zebras kennt er vor allem aus dem Zoo in Wuppertal.</td>
</tr>
<tr class="row-2">
	<td class="column-1"><img loading="lazy" decoding="async" src="http://www.tildamarleen.com/de/files/2011/12/karina.png" alt="Anna Karina Birkenstock" width="155" height="174" class="alignnone size-full wp-image-101" /></td><td class="column-2">Anna Karina Birkenstock arbeitet schon seit 2003 erfolgreich als Kinderbuchautorin &amp; Illustratorin für namhafte deutsche Verlage. Insbesondere ihr Medienkunst Studium an der HfG Karlsruhe, sowie die vorausgegangene Ausbildung zur Mediengestalterin Bild&amp;Ton in Köln ermöglichen es ihr auch außerhalb der traditionellen Pfade des Mediums "Buch" zu arbeiten und die Grenze zum digitalen Medium zu überbrücken.<br />
Sie liebt es besonders, zusammen mit ihren beiden Töchtern (2 und 4 Jahre alt) Bücher zu lesen und die neuen Medien zu entdecken.</td>
</tr>
<tr class="row-3">
	<td class="column-1"><img loading="lazy" decoding="async" src="http://www.tildamarleen.com/de/files/2013/07/boris_braun.png" alt="Boris Braun" width="155" height="174" class="size-full wp-image-710" /></td><td class="column-2">Boris Braun wurde 1967 in Freiburg im Breisgau geboren.<br />
Nach einem Lehramtsstudium in Freiburg folgte ein Illustrationsstudium an der FH für Gestaltung in Hamburg, wo er heute auch als freiberuflicher Illustrator lebt.</td>
</tr>
<tr class="row-4">
	<td class="column-1"><img loading="lazy" decoding="async" src="http://www.tildamarleen.com/de/files/2013/07/antje_flad.png" alt="Antje Flad" width="155" height="174" class="size-full wp-image-711" /></td><td class="column-2">Antje Flad wurde in Merseburg geboren und studierte an der Hochschule für Kunst und Design Burg Giebichenstein in Halle das Fach Spielzeugdesign. Frisch diplomiert zog sie erst einmal nach Frankfurt am Main. Dort engagierte sie die Firma Nici aus Oberfranken, für die sie Charakterfiguren aus Plüsch entwarf.<br />
Dann lernte sie ihren Mann kennen und zog nach Berlin. Hier lebt sie nun mit Mann, Sohn Philipp und Hund Coco. Antje Flad arbeit freiberuflich für verschiedene Verlage, Spielzeugfirmen und Unternehmen. Dabei illustriert sowohl in verschiedenen analogen Maltechniken, als auch digital in Photoshop und Illustrator. Im Moment interessiert sie besonders die Kombination von analogen und digitalen Zeichnen und die daraus resultierenden stilistischen Möglichkeiten.</td>
</tr>
<tr class="row-5">
	<td class="column-1"><img loading="lazy" decoding="async" src="http://www.tildamarleen.com/de/files/2011/12/bodo.png" alt="Bodo Henkel" width="155" height="174" class="alignnone size-full wp-image-235" /></td><td class="column-2">Bodo Henkel ist seit über 20 Jahren Moderator für Hörfunk und Fernsehen und Sprecher für Werbung, Hörspiel und Hörbuch. Und wenn der Showmaster nicht gerade mit seinen organisierten Kreuzfahrten unterwegs ist, bringt er als Musikliebhaber auch gern mal Partys in Schwung.<br />
Als Sprecher von „Freda, die kleine Wunschfee“ versetzt er uns mit seiner tiefen, warmen Stimme in die richtige Märchenstimmung.</td>
</tr>
<tr class="row-6">
	<td class="column-1"><img loading="lazy" decoding="async" src="http://www.tildamarleen.com/de/files/2013/07/sven_kuntze.png" alt="Sven Kuntze" width="155" height="174" class="size-full wp-image-712" /></td><td class="column-2">Sven Kuntze entschloss sich, nach seinem Studium der Sozialwissenschaften und einigen Jahren als wissenschaftlicher Assistent an der Universität Tübingen, als Vierziegjähriger zu einer neuen Karriere und wechselte zum WDR nach Köln. Es folgten Stationen als ARD-Haupstadtkorrespondent in Bonn, Studioleiter in New York, Korrespondent in Washington, die Moderation des ARD-Morgenmagazins und schließlich zum Ende seiner beruflichen Laufbahn einige Jahre im ARD-Hauptstadtstudio in Berlin.<br />
Nach seiner Pensionierung drehte er eine Reihe erfolgreicher Filme: "Altern auf Probe," "Gutsein auf Probe" und "Sven K auf der Suche nach dem lieben Gott". Dafür erhielt er u.a. den Deutschen Fernsehpreis, den Preis der Deutschen Bischhofskonferenz und den Preis der Tageschau für sein Lebenswerk.<br />
<br />
Vor zwei Jahren erschien sein Bestseller: "Altern wie ein Gentleman". Sven Kuntze lebt und arbeitet in Berlin.</td>
</tr>
<tr class="row-7">
	<td class="column-1"><img loading="lazy" decoding="async" src="http://www.tildamarleen.com/de/files/2013/07/till_lassmann.png" alt="Till Laßmann" width="155" height="174" class="size-full wp-image-713" /></td><td class="column-2">Till Laßmann, geb. 1975, studierte zunächst an der Fachhochschule Niederrhein Kommunikationsdesign bevor er zum Duncan of Jordanstone College of Art wechselte und dort im Kurs "Animation and Electronic Media" im Jahr 2003 sein Studium erfolgreich beendete.<br />
Seit 2003 arbeitet er als Illustrator, Animator, Comiczeichner und Eventzeichner. Er lebt und arbeitet mit seiner bezaubernden Frau und ebensolchen Tochter in Hamburg.</td>
</tr>
<tr class="row-8">
	<td class="column-1"><img loading="lazy" decoding="async" src="http://www.tildamarleen.com/de/files/2013/07/ursel.png" alt="Ursel Scheffler" width="155" height="174" class="size-full wp-image-706" /> </td><td class="column-2">Ursel Scheffler lebt und schreibt seit 1977 in Hamburg. Sie studierte Sprachen und Literatur in Erlangen (Übersetzerprüfung) und München (Lehramtsexamen). Ihre Magisterarbeit schrieb sie 1967 über das französische Märchen im 17. Jahrhundert. Sie ist verheiratet und hat drei Kinder und drei Enkelkinder.<br />
Bis heute sind über 300 Kinderbücher von ihr in bekannten deutschen und ausländischen Verlagen erschienen. Es gibt Lizenzausgaben in über 30 Sprachen.<br />
<br />
Zu ihren beliebten Charakteren zählen Kommissar Kugelblitz (www.kommissar-kugelblitz.de), Paula (Oetinger Verlag), Ätze (Ravensburger), Upps (arsEdition), der Hasenfranz (Ravensburger), eine Kinderbibel (Herder Verlag), Fabeln, Märchenbücher und zahlreiche Geschichtenbücher zum Vorlesen.<br />
<br />
Ursel Scheffler ist Lesebotschafterin der "Stiftung Lesen" und findet, dass auch im Zeitalter der eBooks unbedingt "echte" Bücher in jedes Kinderzimmer und Klassenzimmer gehören. Daher hat sie die erfolgreiche Leseaktion "www.büchertürme.de" ins Leben gerufen, die Kinder im Grundschulalter zum sportlichen Lesewettbewerb herausfordert.</td>
</tr>
</tbody>
</table>
<!-- #tablepress-2 from cache -->
